umber?
True
Is 43327 a prime number?
False
Is 20932897 composite?
True
Is 37806655 prime?
False
Is 24937909 composite?
True
Is 964591 a prime number?
False
Is 577948561 prime?
False
Is 126945451 a composite number?
True
Is 4703137 a prime number?
False
Is 27737443 a prime number?
False
Is 4007513 a prime number?
True
Is 47788771 prime?
True
Is 14504527 composite?
False
Is 118108733 composite?
True
Is 5437459 a composite number?
False
Is 1280173 composite?
False
Is 66058349 a composite number?
True
Is 35288809 a composite number?
True
Is 17653303 a prime number?
True
Is 8463171 a prime number?
False
Is 56356693 a prime number?
False
Is 4735817 a composite number?
False
Is 21082367 a composite number?
True
Is 316279846 a prime number?
False
Is 9912647 a prime number?
False
Is 3187111 composite?
False
Is 1284391 a prime number?
False
Is 7879639 a prime number?
False
Is 11386691 a composite number?
True
Is 10533199 a prime number?
True
Is 8956207 a composite number?
True
Is 106957531 composite?
False
Is 251234831 a prime number?
True
Is 11230007 composite?
True
Is 246403 composite?
False
Is 30613523 composite?
True
Is 680041 prime?
False
Is 11722162 composite?
True
Is 82500311 a composite number?
False
Is 615709 composite?
False
Is 614859257 a composite number?
True
Is 6379823 composite?
True
Is 66633433 a composite number?
False
Is 6091727 composite?
False
Is 5407669 a prime number?
True
Is 2889563 composite?
True
Is 129384622 a prime number?
False
Is 144046073 prime?
True
Is 1360159 a prime number?
True
Is 10853107 a prime number?
True
Is 3207049 a composite number?
True
Is 12977441 prime?
True
Is 36794787 a prime number?
False
Is 22644487 composite?
False
Is 7297637 prime?
True
Is 21181931 prime?
False
Is 65144747 a composite number?
True
Is 1189159 a prime number?
True
Is 1485461 composite?
False
Is 14777929 a prime number?
False
Is 338850689 a prime number?
True
Is 206623 a composite number?
False
Is 37124533 a composite number?
False
Is 111084927 prime?
False
Is 2402938 prime?
False
Is 145410077 prime?
False
Is 15816742 composite?
True
Is 24344471 composite?
False
Is 55619621 prime?
False
Is 7791107 composite?
True
Is 120215423 prime?
False
Is 7359119 a composite number?
True
Is 28684169 a composite number?
False
Is 1880759 prime?
False
Is 71860829 composite?
True
Is 657089 a prime number?
True
Is 4634447 a prime number?
True
Is 240209113 prime?
True
Is 5288743 a composite number?
True
Is 3645227 prime?
True
Is 258097217 a composite number?
True
Is 80354203 a prime number?
False
Is 3822157 a composite number?
False
Is 16999901 prime?
False
Is 3904973 prime?
True
Is 141198217 a composite number?
False
Is 645419 a composite number?
False
Is 15420827 prime?
False
Is 223347 prime?
False
Is 1014329 a composite number?
True
Is 16395553 prime?
True
Is 67736861 a prime number?
True
Is 16627057 a prime number?
True
Is 12386729 prime?
False
Is 2208517 a composite number?
False
Is 76178143 prime?
False
Is 14822537 a prime number?
True
Is 156795251 a composite number?
False
Is 28465583 prime?
True
Is 439661 a composite number?
False
Is 3459943 prime?
False
Is 18356417 prime?
True
Is 23817311 prime?
False
Is 117983 prime?
False
Is 388046053 composite?
True
Is 103451 composite?
False
Is 8870737 prime?
True
Is 129154721 a prime number?
True
Is 36888169 composite?
False
Is 28293193 composite?
False
Is 14821307 a prime number?
True
Is 108246461 composite?
False
Is 396617 a prime number?
False
Is 4357993 prime?
True
Is 49686961 a composite number?
False
Is 597554 composite?
True
Is 23896687 a prime number?
True
Is 108601439 composite?
True
Is 8962411 composite?
False
Is 3369881 a prime number?
False
Is 20175721 prime?
True
Is 163402171 prime?
True
Is 8912597 prime?
False
Is 36042011 a composite number?
False
Is 1582057353 composite?
True
Is 59427574 a composite number?
True
Is 2735749 a prime number?
False
Is 1663063 a composite number?
True
Is 22670051 composite?
True
Is 2243309 composite?
False
Is 88830253 composite?
True
Is 441709 composite?
True
Is 3622951 prime?
True
Is 935821 prime?
False
Is 14783687 a composite number?
True
Is 52338433 prime?
False
Is 1329391918 prime?
False
Is 4581383 a prime number?
True
Is 15096553 a prime number?
True
Is 22779399 a composite number?
True
Is 34331123 a prime number?
True
Is 9344429 a prime number?
True
Is 6245669 prime?
True
Is 709507 a prime number?
True
Is 183410987 a composite number?
True
Is 11990809 prime?
False
Is 765904673 prime?
True
Is 4970242 a composite number?
True
Is 798373 prime?
True
Is 54622235 a composite number?
True
Is 4511929 prime?
False
Is 46175401 composite?
False
Is 82041829 a composite number?
True
Is 1871099 a prime number?
True
Is 296970823 a prime number?
False
Is 33907 prime?
False
Is 1559203 composite?
False
Is 3964337 a composite number?
True
Is 811513 composite?
True
Is 54723329 a composite number?
False
Is 215499419 prime?
True
Is 2945749 prime?
True
Is 7300261 prime?
True
Is 359433341 composite?
False
Is 1216681 a composite number?
False
Is 35352419 composite?
False
Is 111791153 a composite number?
True
Is 1594693 prime?
True
Is 239157703 a prime number?
False
Is 69728689 prime?
False
Is 501455 prime?
False
Is 54650263 composite?
False
Is 3338117 prime?
True
Is 24548783 a prime number?
False
Is 11257859 a prime number?
False
Is 71032547 a prime number?
True
Is 2834859 composite?
True
Is 897257111 composite?
False
Is 6389137 a prime number?
True
Is 17847983 a composite number?
False
Is 4877201 a composite number?
True
Is 57031619 composite?
False
Is 11860741 a prime number?
True
Is 94349663 a composite number?
True
Is 5914717 a composite number?
False
Is 158246449 prime?
True
Is 661735 prime?
False
Is 12565307 composite?
False
Is 82073689 prime?
True
Is 361562281 prime?
True
Is 4501547 composite?
False
Is 1922257 prime?
False
Is 210399729 composite?
True
Is 1196999 a prime number?
True
Is 146696395 prime?
False
Is 287265245 a composite number?
True
Is 19097317 prime?
False
Is 38496323 composite?
False
Is 237599 a composite number?
True
Is 3386891 prime?
True
Is 18930511 composite?
False
Is 490829 a prime number?
True
Is 20680433 prime?
True
Is 89261813 a prime number?
True
Is 6693277 prime?
True
Is 365321611 a prime number?
False
Is 33721 prime?
True
Is 1439071 a composite number?
False
Is 55090093 a prime number?
True
Is 59903981 a composite number?
True
Is 3252143 prime?
False
Is 33230663 prime?
True
Is 20565509 a prime number?
True
Is 661657 a composite number?
True
Is 4252271 a composite number?
False
Is 44449807 composite?
False
Is 553030901 prime?
True
Is 1334423 a composite number?
False
Is 14081923 composite?
False
Is 11312863 prime?
True
Is 128258671 a composite number?
True
Is 21927011 a prime number?
True
Is 68824003 a prime number?
True
Is 217297601 prime?
True
Is 48313549 prime?
True
Is 85603301 a composite number?
True
Is 785083531 composite?
False
Is 3883519 a prime number?
True
Is 1454839 a prime number?
True
Is 191511517 a composite number?
True
Is 123763 a composite number?
True
Is 270768749 a composite number?
False
Is 182710777 a prime number?
True
Is 15553823 prime?
True
Is 15042527 composite?
False
Is 1074139 a composite number?
True
Is 17016973 a composite number?
False
Is 2560247 a prime number?
True
Is 29571293 composite?
False
Is 6398819 a prime number?
False
Is 411853991 a composite number?
False
Is 63638717 a composite number?
True
Is 1339759 composite?
False
Is 496889 prime?
True
Is 1922511 a prime number?
False
Is 345039089 composite?
True
Is 17629933 a prime number?
True
Is 56774 a prime number?
False
Is 1157813867 a composite number?
True
Is 7742299 a composite number?
False
Is 741553 a composite number?
True
Is 19219601 a prime number?
True
Is 288217 a prime number?
False
Is 32221933 composite?
True
Is 357935233 a composite number?
False
Is 11231741 prime?
False
Is 3333217 a composite number?
False
Is 3308999 a prime number?
False
Is 100388317 a prime number?
True
Is 221286479 prime?
True
Is 176846335 composite?
True
Is 3206647 a composite number?
True
Is 1322407529 a prime number?
False
Is 259603711 a prime number?
True
Is 47279443 prime?
True
Is 33644867 a composite number?
True
Is 107179073 prime?
False
Is 32567627 a prime number?
True
Is 6862